culate the remainder when 15 is divided by f.
7
Let v = -15 + -1. Let p = v + 32. Suppose 0*j = -4*j + p. Calculate the remainder when j is divided by 2.
0
Let t be (6 - 0)/((-3)/(-2)). Suppose 18 = -t*o + 78. Calculate the remainder when 44 is divided by o.
14
Suppose -7*p - 2*m + 92 = -2*p, -2*p + m = -35. Suppose -q = -5*f - 4*q + 171, 0 = q - 2. What is the remainder when f is divided by p?
15
Let u be ((-7)/(-21))/((-2)/(-18)). Suppose -z - u*z = -140. What is the remainder when z is divided by 12?
11
Let q(k) = k + 5. Let l be q(4). Suppose -j - l = -22. Suppose 4*v - 5*v + j = 0. Calculate the remainder when v is divided by 5.
3
Let s(x) = 53*x - 59. Calculate the remainder when s(5) is divided by 19.
16
Suppose -s - 29 + 366 = 4*p, 2*s = -4*p + 338. Suppose 5*o + 2*h = 190, -3*o + 3*h + 9 + p = 0. What is the remainder when o is divided by 19?
17
Let i(h) = h + 8. Suppose -q = v, 4*q + 2 = -5*v - 2. Calculate the remainder when 11 is divided by i(v).
3
Suppose -4*m + 2 = -2*t, -3*m = -10*t + 5*t + 9. Suppose 63 = 5*q - t*k, 3 = -q + 2*k + 10. Calculate the remainder when q is divided by 6.
3
Let v = -28 - -52. Calculate the remainder when v is divided by 17.
7
Suppose 5*l + 25 = -0*l, -2*l = 4*v + 10. Suppose v = 2*q - 42 - 28. Calculate the remainder when q is divided by 18.
17
Suppose -5*w + 57 = -5*x - 8, 5*x = -w - 17. Let r(a) = a**3 + 7*a**2 + 4*a - 7. What is the remainder when w is divided by r(-6)?
3
Let c(g) be the second derivative of 1/6*g**4 - 3/2*g**2 - 2/3*g**3 - g + 0. Calculate the remainder when 38 is divided by c(4).
12
Let q be 369/36 + (-1)/4. Calculate the remainder when 45/q - (-2)/(-4) is divided by 2.
0
Suppose 0 = -17*c + 12*c - 20. Let r = c - -12. What is the remainder when 19 is divided by r?
3
Suppose z = 9 + 74. Calculate the remainder when z is divided by 43.
40
Let d(t) = -t**3 + 7*t**2 - 6*t + 3. Calculate the remainder when d(5) is divided by 12.
11
Let r = -31 - -48. Let f(b) = -17*b - 4. Let z be f(-5). Suppose -z = -s - 31. Calculate the remainder when s is divided by r.
16
Suppose a - 20 = -2*w, 3*w - 7*a = -2*a + 30. Calculate the remainder when 17 is divided by w.
7
Let g(o) = -2*o + 11. Let n be g(9). Let p = 12 + n. What is the remainder when p is divided by 2?
1
Let h = 33 + -20. Suppose 5*k - 3*b - 191 = 0, 3*b + 3 + 3 = 0. Calculate the remainder when k is divided by h.
11
Let x = 10 + -8. Calculate the remainder when 4 is divided by x.
0
Calculate the remainder when 5 + 5 + 34 - 1 is divided by 22.
21
Let r = -20 - -75. Suppose 5*z - r - 10 = 0. Let t = 1 - -4. Calculate the remainder when z is divided by t.
3
Suppose -50 = -44*s + 39*s. What is the remainder when 27 is divided by s?
7
Let c = -14 - -27. What is the remainder when 1020/27 - (-2)/9 is divided by c?
12
Let s = 2 + 8. Let o = 14 - s. Calculate the remainder when 6 is divided by o.
2
Suppose m + 12 - 31 = 0. What is the remainder when 54 is divided by m?
16
Suppose 0 = 2*o + 1 - 19. What is the remainder when o is divided by 3?
0
Let a = 2 - 2. Suppose a*m - 5*m + d + 547 = 0, 3*m = 3*d + 321. Suppose -q + m = 4*q. Calculate the remainder when q is divided by 8.
6
Let g = -10 + 11. Calculate the remainder when 1 is divided by g.
0
Let j(z) = 9*z**3 - 1. Let t be j(1). Let l = t + -5. What is the remainder when l is divided by 3?
0
Calculate the remainder when 46 is divided by 5*(-6)/(-15)*5.
6
Suppose 29 + 86 = 5*p. Let s = -1 + p. What is the remainder when s is divided by 6?
4
Let m be 62 - (-3 + 2 + 4). Suppose -5*b = -3*l - 53, -4*l = 5*b - 22 - m. Calculate the remainder when 35 is divided by b.
9
Suppose 149 = -5*w - 3*z, 0*w - 161 = 5*w - 3*z. Let r = 28 - w. What is the remainder when r is divided by (-29)/(-2) - (-6)/12?
14
Let c = 6 + -3. Suppose -3*z + z - b + 15 = 0, -c*b - 11 = -2*z. Calculate the remainder when 12 is divided by z.
5
Let j be 3/1 + (1 - -4). Suppose -6*t + j = -2*t. What is the remainder when 447/12 + t/(-8) is divided by 20?
17
Let d(c) = -2*c - 7. Let f be d(-5). Suppose -3*h + 6*h - 37 = 4*p, -2*h + f*p = -24. What is the remainder when 59 is divided by h?
14
Let w(s) = -s**2 - 9*s + 19. Let a be 2/(-4) + 14/4. Suppose -a*x = -40 - 59. Calculate the remainder when x is divided by w(-10).
6
Suppose 3*t - 66 = 3*u - 189, 0 = -4*u - 3*t + 192. Suppose 6*f - 83 = -11. Calculate the remainder when u is divided by f.
9
Let u be (3*3)/1 + 2. Suppose -m + 2*x = -u, m + 3*x - 21 = -5. Suppose 3*a = -12, -4*a + 80 = -2*h + 6*h. What is the remainder when h is divided by m?
11
Let u = -46 + 66. Let d = 37 - 26. What is the remainder when u is divided by d?
9
What is the remainder when ((-9)/4)/3 - (-32291)/196 is divided by 55?
54
What is the remainder when 130 is divided by (2*(-6)/(-8))/(6/176)?
42
Let w(s) = s + 5. Let f be w(0). Let b be (-8)/20 + 87/f. Let p = b + -7. Calculate the remainder when 27 is divided by p.
7
Let f(z) = 2*z**2 - z + 2. Suppose -4*i - 535 = -4*a - i, 0 = -4*a + 2*i + 538. What is the remainder when (a/(-6))/((-12)/18) is divided by f(-2)?
10
Let w(c) = -c - 3. Let y be w(-2). Let p be (-3)/((-3)/(-2)) - y. Let h(k) = -14*k**3 - k**2. Calculate the remainder when 25 is divided by h(p).
12
Let z = 1 + 9. Suppose 0 = -j - z + 27. What is the remainder when 33 is divided by j?
16
Let o be (-1)/(((-2)/(-10))/(-1)). Suppose o*w = -5*t + 40, -1 = 4*w - 4*t - 9. Suppose 0 = -4*n - 1 + 9. Calculate the remainder when w is divided by n.
1
Suppose -7 - 19 = -2*h. Let z = -2 + 7. Suppose z*u = u + 20. What is the remainder when h is divided by u?
3
Let m(l) = l. Let r be m(4). Suppose -w - r*w + 35 = 0. Suppose t = 4 + w. What is the remainder when 32 is divided by t?
10
Let g(m) = -m**3 + 7*m**2 + 5*m - 1. What is the remainder when g(5) is divided by (((-160)/(-2))/(-5) - 3)*-1?
17
Suppose 0 = q + 3*d - 7 - 1, -5*d = -10. What is the remainder when 22 - (q*-1 - -2) is divided by 12?
10
Let w = 20 + 4. What is the remainder when 71 is divided by w?
23
Let o = -24 + 52. Calculate the remainder when 52 is divided by o.
24
Let d = 44 + 15. What is the remainder when d is divided by 21?
17
Let n = 16 + -11. Suppose 3*r + n = 29. Suppose 0 = -u + r + 1. What is the remainder when 26 is divided by u?
8
Let m = 19 + -13. What is the remainder when 23 is divided by m?
5
Calculate the remainder when 40 is divided by (1 - 3)*(-8 + 1).
12
Suppose 4*j = -6*i + 3*i + 7, -3*i + 5*j + 25 = 0. Suppose -2*y + 5 + i = 0. Calculate the remainder when 17 is divided by y.
2
Let x = -23 + 13. Let l = x + 13. Calculate the remainder when 5 is divided by l.
2
Let j = -12 - -64. Suppose -j = -o - o. Calculate the remainder when o is divided by 9.
8
Let q(r) = r**2 + 8*r - 7. Let j be q(-9). Suppose 0 = 5*z + 3*o - 19, 4*o - j + 5 = -z. Calculate the remainder when z is divided by 4.
1
Suppose -h - 2*q = 42, -5*h = q + 279 - 60. Calculate the remainder when 84 is divided by h*((-20)/8)/5.
18
Suppose -5*w = 4*x - 160 - 15, 0 = -4*w - x + 129. Calculate the remainder when w is divided by 17.
14
Suppose -5*b = -85 - 15. Calculate the remainder when 57 is divided by b.
17
Suppose 2*s = -4*v + 6*v, -5*s = 4*v - 18. Let j be 18/(-5) - 6/15. What is the remainder when 4/2 + j/(-2) is divided by v?
0
Let l be -2 - (-7 - (1 - 2)). Let m(z) = z**2 - 3. What is the remainder when 38 is divided by m(l)?
12
What is the remainder when (-770)/(-15) - 4/(-6) is divided by 14?
10
Suppose -5*f - q + 0*q + 84 = 0, -3*q = 5*f - 82. Calculate the remainder when 65 is divided by f.
14
Suppose -4*t + 4 = 0, t + 1 - 9 = -i. What is the remainder when 38 is divided by i?
3
Let x be 8 - (6 + (-2 - 2)). What is the remainder when 20 is divided by (-4)/x + (-69)/(-9)?
6
Suppose 3*i - 314 = -0*i - 2*r, -4*i = -4*r - 452. What is the remainder when i is divided by 28?
24
Suppose -125 = -3*r - 4*w, 5*r + 0*r - 5*w = 185. What is the remainder when 193 is divided by r?
37
Suppose 13 = k - 9. Calculate the remainder when 40 is divided by k.
18
Suppose -4*k - 5*t = k - 60, 3*t = k + 8. Calculate the remainder when k is divided by 2.
1
Suppose 28 = -2*f + f + 5*r, -2*r = -8. Let c = -6 - f. What is the remainder when c is divided by (-5)/(-2) - 2/4?
0
Suppose 0*k + 16 = 4*r - k, 0 = -4*r - 4*k + 16. Calculate the remainder when 6 is divided 